{"id":23,"date":"2024-03-01T16:51:31","date_gmt":"2024-03-01T16:51:31","guid":{"rendered":"https:\/\/maklermedienstrategie.de\/?page_id=23"},"modified":"2024-03-01T16:51:31","modified_gmt":"2024-03-01T16:51:31","slug":"impressum","status":"publish","type":"page","link":"https:\/\/maklermedienstrategie.de\/?page_id=23","title":{"rendered":"Impressum"},"content":{"rendered":"\n<p>Angaben gem\u00e4\u00df \u00a7 5 TMG:<\/p>\n\n\n\n<p>Bj\u00f6rn M\u00f6ller<\/p>\n\n\n\n<p>Pastor-Thosen-Strasse 12<\/p>\n\n\n\n<p>24955 Harrislee<\/p>\n\n\n\n<p>0461 \/ 9093339<\/p>\n\n\n\n<p>0171 \/ 85 00 85 8<\/p>\n\n\n\n<p>info@Mentis.tv<\/p>\n\n\n\n<p>Steuernr.: 15 141 04383<\/p>\n\n\n\n<p>Verantwortlich f\u00fcr den Inhalt<br>nach \u00a7 55 Abs. 2 RStV:<\/p>\n\n\n\n<p>Bj\u00f6rn M\u00f6ller<\/p>\n\n\n\n<p>Pastor-Thomsen-Strasse 12<\/p>\n\n\n\n<p>24955 Harrislee<\/p>\n\n\n\n<h4 class=\"wp-block-heading\">Keine Abmahnung ohne vorherigen Kontakt!<\/h4>\n\n\n\n<h5 class=\"wp-block-heading\">Sollten irgendwelche Inhalte oder die designtechnische Gestaltung einzelner Seiten oder Teile von www.Mentis.tv fremde Rechte Dritter oder gesetzliche Bestimmungen verletzen oder anderweitig in irgendeiner Form wettbewerbsrechtliche Probleme hervorbringen, so bitte ich unter Berufung auf \u00a7 8 Abs. 4 UWG, um eine angemessene, ausreichend erl\u00e4uternde und schnelle Nachricht ohne Kostennote. Ich garantiere, dass die zu Recht beanstandeten Passagen oder Teile dieser Webseiten in angemessener Frist entfernt, bzw. den rechtlichen Vorgaben umf\u00e4nglich angepasst werden, ohne dass die Einschaltung eines Rechtsanwaltes erforderlich w\u00e4re. Die Einschaltung eines Anwaltes, zur f\u00fcr den Diensteanbieter kostenpflichtigen Abmahnung, entspricht nicht dessen wirklichen und mutma\u00dflichen Willen und w\u00fcrde damit einen Versto\u00df gegen den \u00a7 13 Abs. 5 UWG, wegen der Verfolgung sachfremder Ziele als beherrschendes Motiv der Verfahrenseinleitung, insbesondere einer Kostenerzielungsabsicht als eigentliche Triebfeder, sowie einen Versto\u00df gegen die Schadensminderungspflicht darstellen. Hinsichtlich der Inhalte in den evtl. bereitgestellten Kunden- und\/oder Partner-accounts nehme ich als Diensteanbieter die Haftungsprivilegien nach \u00a7 5 Nr. 3 TDG bzw. nach \u00a7 11 TDG in Anspruch.<\/h5>\n","protected":false},"excerpt":{"rendered":"<p>Angaben gem\u00e4\u00df \u00a7 5 TMG: Bj\u00f6rn M\u00f6ller Pastor-Thosen-Strasse 12 24955 Harrislee 0461 \/ 9093339 0171 \/ 85 00 85 8 info@Mentis.tv Steuernr.: 15 141 04383 Verantwortlich f\u00fcr den Inhaltnach \u00a7 55 Abs. 2 RStV: Bj\u00f6rn M\u00f6ller Pastor-Thomsen-Strasse 12 24955 Harrislee Keine Abmahnung ohne vorherigen Kontakt! Sollten irgendwelche Inhalte oder die designtechnische Gestaltung einzelner Seiten oder&hellip; <br \/> <a class=\"read-more\" href=\"https:\/\/maklermedienstrategie.de\/?page_id=23\">Weiterlesen<\/a><\/p>\n","protected":false},"author":1,"featured_media":0,"parent":0,"menu_order":0,"comment_status":"closed","ping_status":"closed","template":"","meta":{"footnotes":""},"_links":{"self":[{"href":"https:\/\/maklermedienstrategie.de\/index.php?rest_route=\/wp\/v2\/pages\/23"}],"collection":[{"href":"https:\/\/maklermedienstrategie.de\/index.php?rest_route=\/wp\/v2\/pages"}],"about":[{"href":"https:\/\/maklermedienstrategie.de\/index.php?rest_route=\/wp\/v2\/types\/page"}],"author":[{"embeddable":true,"href":"https:\/\/maklermedienstrategie.de\/index.php?rest_route=\/wp\/v2\/users\/1"}],"replies":[{"embeddable":true,"href":"https:\/\/maklermedienstrategie.de\/index.php?rest_route=%2Fwp%2Fv2%2Fcomments&post=23"}],"version-history":[{"count":1,"href":"https:\/\/maklermedienstrategie.de\/index.php?rest_route=\/wp\/v2\/pages\/23\/revisions"}],"predecessor-version":[{"id":24,"href":"https:\/\/maklermedienstrategie.de\/index.php?rest_route=\/wp\/v2\/pages\/23\/revisions\/24"}],"wp:attachment":[{"href":"https:\/\/maklermedienstrategie.de\/index.php?rest_route=%2Fwp%2Fv2%2Fmedia&parent=23"}],"curies":[{"name":"wp","href":"https:\/\/api.w.org\/{rel}","templated":true}]}}